z*w(l) + 6*g(l). What is t(-6)?
-7
Suppose b + 2*y + 7 = 0, 3*y - 7 + 21 = -5*b. Let f = b + -3. Let p(j) be the third derivative of j**6/120 + j**5/20 - j**4/8 + 5*j**3/6 + 7*j**2. Give p(f).
1
Suppose 44 = d - 5*d. Let a = d + 6. Let k = a - -8. Let h(q) = -2*q**2 + 3*q + 3. What is h(k)?
-6
Let r(j) be the first derivative of -1/2*j**2 - 2 + 8*j. Calculate r(4).
4
Let o = 8 + -4. Let s(k) = k**2 + 6 - 7*k + 0*k**2 + 0*k**2. What is s(o)?
-6
Let r(a) = 8*a**3 + 5*a**2 + a + 12. Let m(z) = -7*z**3 - 5*z**2 - z - 11. Let n(f) = 7*m(f) + 6*r(f). Let g = -30 + 25. Determine n(g).
0
Let s = -5 + 5. Suppose -5*q + s = -o + 12, -q + 2 = 2*o. Let r(x) = 1 - o + 5 - 2*x. What is r(4)?
-4
Let w(h) = h**3 + 5*h**2 + h + 7. Suppose -l - 4 = -2. Let c be 0 + (l - 0 - -4). Suppose c*n - 15 = 5*n. What is w(n)?
2
Let h(d) be the second derivative of 7*d**3/6 - d**2/2 + 2*d. Determine h(1).
6
Let t(m) = -8*m - 7. Let d(w) = -9*w - 8. Let o(z) = -6*d(z) + 7*t(z). Give o(-2).
3
Let g = -52 - -48. Let x(u) = -2*u - 3. What is x(g)?
5
Let o(t) be the first derivative of -3*t**2/2 + 9*t - 11. Calculate o(7).
-12
Suppose 3*m - 16 = -7. Let v(f) be the first derivative of f**5/120 - f**4/24 + f**3/3 - 2. Let l(j) be the third derivative of v(j). Give l(m).
2
Let s(p) = p**2 - 4*p**2 + 0*p - p**3 - 5*p - 2 - p**2. Let q(t) = -t - 12. Let g be q(-9). What is s(g)?
4
Let y = -30 + 29. Let i(l) = 0 - l**2 + 9*l**3 + 0*l**2 + 1. Give i(y).
-9
Let f(o) = o**3 - 12*o**2 + 11*o - 5. Let j(s) = -s**2 + 15*s - 3. Let h be j(14). Determine f(h).
-5
Let r(l) = -l**2 - 5*l - 4. Let x(u) = -u**2 + u + 1. Let y(t) = -6*t - 5. Let m(h) = -2*x(h) - y(h). Let v be m(-2). Suppose -v = -2*j - 9. Determine r(j).
2
Let q = -4 + 6. Let h(i) = 3*i**2 + q*i**3 + 2 + 3 - i - i**3. Determine h(-4).
-7
Let y be (-5)/(-1) + 1/(-1). Suppose -2*a + y = 8. Let i(l) = l**3 + l**2 - l + 1. Determine i(a).
-1
Let q(s) = s**3 + 4*s**2 + 3. Suppose -4*y = -0 - 12. Suppose 2*m = -2*m - y*n + 31, 3*m = 2*n + 2. Suppose 16 = -m*k - 0. What is q(k)?
3
Let f be -1*(1 - 0)*-3. Let i(q) = 6*q**2 + 0*q**2 - 2*q**f - 5*q + q**3. Suppose 11 = 3*b + 4*u, u - 2*u = 5*b - 24. Give i(b).
0
Let t(q) = -q**3 - 8*q**2 + 11*q + 13. Let i be t(-9). Let c(o) = 2*o + 7. Calculate c(i).
-3
Let d(l) = -l**2 - l + 4. Let c be ((-4)/3)/((-2)/3). Suppose -3*z + 4 = z - q, -2*z = c*q + 8. Calculate d(z).
4
Let b(g) = 4*g**2 + 2*g - 1. Let o(y) = -y**2 - y. Let d(h) = -b(h) - 5*o(h). Calculate d(-2).
-1
Let z(i) = -i + 4*i - 4*i + 2 - i**3. Let j(d) = -5 + 1 - 2*d - 2. Let o be j(-3). What is z(o)?
2
Suppose 0 = -5*w + 4*w + 3. Let a(u) = 2*u - w - u - 1. Let b = 5 + -8. What is a(b)?
-7
Let t(z) = -z + 11. Let p be t(6). Let l(y) = y**2 - 6*y + 4. What is l(p)?
-1
Let r = 15 - 8. Suppose 0 = -3*l - 1 + 7. Let i(y) = -l - r*y - 2 + 3. What is i(-1)?
6
Suppose 5*h = -3*q + 19, -3*q - 5*h - 5 = -8*q. Let t(o) be the first derivative of -o**q - 1/2*o**2 - 1 + 2*o. What is t(-2)?
-8
Let y(k) = -k**2 - k + 15 - 5*k - 17 - 2*k. Give y(-7).
5
Suppose -6*x + 4*x = 0. Let t = 22 - 17. Suppose x = -5*u - 0 - t. Let k(h) = -8*h**3 - h**2. Calculate k(u).
7
Let i(a) = -a + 1. Suppose -12 + 0 = 3*t. Let l = -3 - t. Let s be (-4 - 1)*l*-1. Determine i(s).
-4
Let u(j) = 2 + 3*j - 7*j + 8*j - j. Suppose 5*b - 9 = 1. Suppose 3*o + b*d = 2, 18 = -3*o - 0*d + 3*d. Calculate u(o).
-4
Let y(x) = -2*x**2 + x - 1. Let i = -7 - -1. Let a = -4 - i. Give y(a).
-7
Let k be 1/(-1 - 0 - -2). Let o(j) = -j**3 + 2*j**2 - j. Calculate o(k).
0
Let o(f) = -2*f**2 - 6*f - 4. Let t(m) = m**2 - 10*m + 5. Let j be t(9). Let z(a) = -a**2 - 3*a - 2. Let p(u) = j*o(u) + 9*z(u). Determine p(-2).
0
Let o(g) be the first derivative of g**2 - g**3 + 1 - g + 1/4*g**4. What is o(3)?
5
Suppose -q + 21 = 3*s, -5*q - 3 = -6*q. Let f(u) be the second derivative of u**5/20 - 5*u**4/12 - 5*u**3/6 - u**2 + u. Give f(s).
4
Let x(c) = -13*c + 18. Let l(g) = -9*g + 12. Let y(s) = 7*l(s) - 5*x(s). What is y(8)?
10
Let w(l) = -l**3 + 5*l**2 - 5*l + 4. Let b be 6/3*1 + 1. Give w(b).
7
Let m = 1 - 2. Let a be m/(-2)*160/(-16). Let j(x) = x**3 + 6*x**2 + 4*x - 7. Give j(a).
-2
Let f(n) = -4*n - 13. Let h be f(-10). Let s = -6 + 9. Suppose -4*d - s*v + h = 0, -6*d + 3*v = -d. Let i(j) = -3*j + 2. Give i(d).
-7
Suppose 5*i - 2 = 18. Suppose i*p - 5*m = -0*m - 41, -2*m - 10 = 5*p. Let t(g) = -g**3 - 4*g**2 - 2*g - 1. Calculate t(p).
7
Let b = -6 + 7. Let t(r) = 5*r - 1. Determine t(b).
4
Let i(p) = 4*p**3 + p - 1. Suppose 0 = -12*t + 9*t - 12. Let s(v) = -v**3 - 5*v**2 - 3*v + 5. Let l be s(t). Calculate i(l).
4
Let s(v) = 2*v**2 - v - 1. Let a be s(2). Let c(p) = -a*p - p**2 - 9 - 3*p + 3. Calculate c(-5).
9
Suppose 7 = c + 5. Let r(w) be the first derivative of 3/2*w**c - 2 + w. Calculate r(-2).
-5
Let p(k) = -k**3 + 3*k**2 - 5*k + 4. Suppose 14*b - 19*b + 15 = 0. Determine p(b).
-11
Let s(l) be the first derivative of l**4/4 + 5*l**3/3 - l**2 - 3*l - 11. Determine s(-5).
7
Let l be 2/(-6) - 21/(-9). Suppose 5*h + l = -3. Let i(p) = -3*p + 1. Calculate i(h).
4
Let y = 13 + -10. Let d(l) = 5*l**3 + 11*l**2 - 3*l - 10. Let u(a) = 11*a**3 + 23*a**2 - 6*a - 21. Let s(m) = -13*d(m) + 6*u(m). Calculate s(y).
-5
Let u(x) = 2*x + 17. Let j be u(-11). Let k(z) = 2*z - 3. What is k(j)?
-13
Let c(s) = -s**2 + 5*s + 2. Let n be c(4). Suppose -2*z = 6 + n. Let l(h) = 2*h + 6. What is l(z)?
-6
Let o(z) = -z**3 + 4*z**2 + 6*z - 6. Let c(v) = -4*v + 13. Let x be c(2). Determine o(x).
-1
Let a be (-258)/36 - (-1)/6. Let c(t) = -2*t + 3. Determine c(a).
17
Let g(o) be the first derivative of o**2/2 + 2*o - 10. Calculate g(-4).
-2
Let i(z) be the first derivative of z**6/120 - z**5/15 - z**4/8 - 7*z**3/6 - 3*z**2/2 - 3. Let n(r) be the second derivative of i(r). Give n(5).
3
Suppose 3*q + q + v - 24 = 0, 0 = -2*q - 4*v - 2. Let g = q + -13. Let d(a) = -2*a - 4. What is d(g)?
8
Let j = -60 + 63. Let s(i) be the second derivative of 0*i**j - 1/4*i**5 - 3*i + 0*i**4 + 0*i**2 + 0. Calculate s(1).
-5
Let w(t) = 2*t + 4. Suppose 3*s - b = 4*s - 2, -s + 14 = 4*b. Let k = -2 + s. What is w(k)?
-4
Let o be 4/(-7)*21/(-6). Let n(y) = -y**3 + 1 + 0 + 3*y**o - 3*y + 0*y + y**2. Suppose -2*a + 2 = -4. Calculate n(a).
1
Let o(q) = -2*q - 4. Suppose 0 = 4*c + 20, 5*b = 2*b + 2*c + 19. Give o(b).
-10
Let v(c) = 2*c - 5. Let a(x) = -2*x - 8. Let u be a(-7). Determine v(u).
7
Let k(y) = -1 + y**3 - 2*y**2 - 3 - 6*y - 2*y**2 - y**2. Give k(6).
-4
Let l(a) be the second derivative of -1/20*a**5 - 1/2*a**3 - 5*a - 5/12*a**4 + 3/2*a**2 + 0. Calculate l(-4).
-1
Let b(o) = -o**3 + 5*o**2 - 2*o + 3. Let j be -2 + -1 - 0 - (13 - 21). Calculate b(j).
-7
Suppose y = -2*y - 15, 0 = -j + y + 5. Let u(b) = -b - 6. Calculate u(j).
-6
Let t be (-4)/(-14) - 2/7. Let j(r) = r + 11. Determine j(t).
11
Let u(l) = l**3 + 4*l**2 + l - 1. Let p be u(-3). Let i(s) = -733*s - 1 + 734*s + 4. Give i(p).
8
Let d(x) be the first derivative of x**3/3 - 11*x**2/2 + 11*x - 69. Calculate d(8).
-13
Suppose 4*c = -q + 5, -4*q + 5*c = c - 20. Suppose -v - 3*j + 4 = -6*v, -2 = q*v - 4*j. Let a(n) = -n**2 + n + 2. Determine a(v).
-4
Let r(v) be the first derivative of 5/2*v**2 + 5*v - 1/3*v**3 - 2. Determine r(6).
-1
Let a(z) = 2*z - 18. Let o(t) = -t + 10. Let m(d) = -3*a(d) - 5*o(d). Determine m(-3).
7
Suppose -p = q, -p + q = 3*q - 5. Let y(w) = -w**3 - w**2 + 2. Let l be y(0). Let n(g) = 3*g + 4 - 4 + g**l - 6. Calculate n(p).
4
Let s(n) = 2*n - 3. Let c be s(4). Suppose 4*j - 2 = c*j. Let b(h) = h + h**2 + 3*h + 0 + 3. What is b(j)?
-1
Let r be (1/(-3))/((-6)/162). Let b be 38/r + 14/(-63). Let j(n) be the second derivative of -n**5/20 + 5*n**4/12 - n**3/2 + 3*n**2 + n. Determine j(b).
10
Let x(v) be the second derivative of -v**4/12 + 7*v**3/6 - v**2 - 6*v. Calculate x(3).
10
Let o(b) be the first derivative of -b**2/2 + 17*b + 36. Calculate o(12).
5
Let u = 238 - 242. Let p(t) = -4*t**3 - t + 3*t**3 - 5 - 4*t**2 + 3*t. Determine p(u).
-13
Let m(v) = v**3 + v**2 + v - 15. Let j be m(0). Let p be (-13)/j + (-8)/(-60). Let o(u) = 1 + 3*u**2 + 3*u - 5*u + 4*u**2. Determine o(p).
6
Let r(s) = -8*s. Let t(f) = -f**3 - 14*f**2 + 16*f + 16. Let p be t(-15). What is r(p)?
-8
Suppose 5*j - 10 = -5. Let i(l) = l**3 + 0*l**3 - 5*l + 2*l**2 - 6*l**3 + 1 + 3*l. Gi